 (-73 - 4)). What is the greatest common divisor of 25 and d?
5
Let n(x) = -30*x - 105. Let q be n(-6). Calculate the greatest common divisor of q and 700.
25
Let j be -20*((-18)/(-10) + -3 + -4). What is the highest common factor of j and 8?
8
Suppose 0 = 12*w - 638 - 370. Let o be 164/14 - (-10)/35. What is the highest common factor of w and o?
12
Let k = 5621 + -5609. Suppose -5*r + r + 112 = 0. Calculate the greatest common factor of k and r.
4
Let v be (332/(-10))/(8/(-40)). Let c be v + (-1)/((6/(-8))/(-3)). Calculate the highest common divisor of c and 18.
18
Suppose 2*u = 3*i - 7, 9*u - 4*u = i + 15. Suppose -4*p - 2*t + 3*t + 132 = 0, 4*p - 132 = i*t. What is the highest common factor of 22 and p?
11
Let o(v) = 3*v**3 - 8*v**2 - 2*v + 14. Let u be o(4). Calculate the greatest common divisor of u and 875.
35
Let w be (-1)/(-1) + (-294)/(-21). Let m be (4 - -32*4) + 3. What is the greatest common divisor of w and m?
15
Let v = -187 + 194. Calculate the greatest common divisor of 679 and v.
7
Let v(x) = x + 4. Let q be v(-3). Let w(j) = -30 + 31 + 0*j - 3*j. Let l be w(-2). What is the greatest common divisor of q and l?
1
Let r(g) = -16 + 6*g**2 - 9 + g**3 + 16 + 2*g. Let u be r(-5). What is the greatest common factor of 15 and u?
3
Let o = 49 + -64. Let g be (-1 - o/5) + 4. Calculate the greatest common divisor of g and 6.
6
Let o be 1287 + 3 - (-17 - -27). Calculate the greatest common factor of 40 and o.
40
Suppose -3*t - 5*w + 4*w = -165, 5*t - 3*w = 289. Calculate the greatest common factor of t and 105.
7
Let u = 573 + -428. Calculate the greatest common factor of u and 29.
29
Suppose -167 = -15*i + 148. Calculate the greatest common factor of i and 6.
3
Let r(q) = 48 + 12 - q + 3*q - 26. Let b be r(10). Suppose -3*w + 13 = y - 4, -y - 19 = -3*w. What is the highest common factor of b and w?
6
Suppose 2*h = -2*u + 10, 5*u + 2*h - 13 = 3*h. Suppose u*k = 2*k + 24. Let w be 10/(-30)*-3*3. What is the greatest common factor of k and w?
3
Suppose -9*p + 2*p = -567. Suppose 0 = -3*d + p + 15. Calculate the highest common divisor of d and 80.
16
Let s(j) = 169*j**3 + j**2 - 2*j + 3. Let m be s(1). Calculate the greatest common divisor of 57 and m.
57
Let x(d) = d**2 + 7*d + 2. Let f be x(-7). Let m(s) = -4*s + 4 + s**2 + 6*s + 5*s - f*s. Let a be m(-6). Calculate the highest common divisor of a and 2.
2
Let d(v) = -37*v - 25. Let t be d(-1). What is the highest common factor of t and 78?
6
Suppose -3*i = -2*y - 51 - 19, -74 = -3*i - 2*y. Suppose -4*m + 3*r = -228, -7*m + 4*m = -3*r - 168. Calculate the highest common factor of m and i.
12
Let x be (3 - 6)/(2/(-96)). Suppose 115*u = -72*u + 8976. Calculate the highest common divisor of u and x.
48
Let m = 2648 - -1052. What is the highest common divisor of m and 148?
148
Suppose -1264 = -3*q + 4*y, -11*q = -6*q - 2*y - 2088. Calculate the greatest common divisor of q and 78.
26
Let v = -32 + 7. Let w be ((-120)/v)/((-4)/(-50)). Let g = 55 - 31. Calculate the greatest common divisor of g and w.
12
Let w(r) = -10*r + 9. Let q be w(-4). What is the greatest common divisor of 245 and q?
49
Suppose -3 = -0*p - 3*p. Let z be ((-2)/p)/(6/(-495)). Suppose 0 = 5*y - 0*u + u - z, -y + 3*u + 33 = 0. What is the greatest common factor of y and 11?
11
Suppose -3*p = -2*l + 111, 0 = 4*l - p + 42 - 259. What is the greatest common factor of l and 675?
27
Let u = 439 + -258. Let c = u + -158. Calculate the greatest common factor of c and 23.
23
Suppose 0*p - 61 = -p. Suppose -p = -7*u + 51. What is the highest common factor of u and 8?
8
Let t = 183 - 119. Suppose 0 = -2*h + 4, 110 = 5*d - 5*h + 40. Calculate the highest common factor of d and t.
16
Suppose 0 = -13*h + 1245 + 1108. Let k = h + -71. Calculate the highest common factor of k and 10.
10
Let q(l) = -l**3 - 4*l - 3. Let t be q(-3). Let s = 61 - 25. Suppose -3*f = -8*f + 2*j + 112, s = 2*f - 3*j. What is the greatest common divisor of f and t?
12
Let p = 54 - 14. Suppose 5*d - 3 = 17. Calculate the highest common factor of d and p.
4
Let y(r) = 19*r + 18. Let x be y(6). Suppose x = -8*f + 14*f. Calculate the highest common factor of 33 and f.
11
Let f be -2 + 0 + 6 + 10. Let m(i) = i**3 + 6*i**2 + 3*i - 7. Let y be m(-5). Let l be y*((-420)/(-9))/2. Calculate the greatest common divisor of f and l.
14
Let w be 75 + 5/6*6. Calculate the greatest common divisor of w and 32.
16
Let g = -999 - -1010. Let l = -75 - -141. Calculate the greatest common factor of l and g.
11
Suppose 588 - 70 = 74*c. What is the greatest common divisor of 343 and c?
7
Let y(h) = -h**3 - 9*h**2 - 2*h + 37. Let w be y(-9). What is the highest common factor of 77 and w?
11
Let b = -49 - -138. Let j = b - 71. Let d be (0 - -92) + -2 + 0. Calculate the greatest common factor of j and d.
18
Let j be (5 - 108/10)*-5. What is the highest common factor of j and 841?
29
Let l = 2590 - 2172. What is the greatest common divisor of 190 and l?
38
Let h = -14 + 44. Let k = h - 25. What is the greatest common factor of k and 10?
5
Let o be (0 + 0)/(12 + -11). Suppose o = -0*v - v + 9. Suppose -v*x + 7*x + 264 = 0. What is the highest common divisor of x and 12?
12
Let h = 42 + -12. Suppose 3776 = -0*v + 11*v + 3710. Calculate the greatest common divisor of h and v.
6
Suppose 910 = 2*a - 3*x - 38, 5*a + 5*x - 2420 = 0. Calculate the greatest common divisor of 60 and a.
60
Suppose c + 909 = 2*y, -17*c = -y - 16*c + 453. What is the greatest common factor of y and 16?
8
Let k = 2215 + -1512. Calculate the highest common divisor of k and 37.
37
Let p = -155 + 160. Suppose -p*x = -234 - 86. What is the highest common divisor of x and 32?
32
Let i be (20 + -4)/(-4) + 257. What is the greatest common factor of i and 88?
11
Suppose 0 = -5*c - 2*b + 38, 11*b = -2*c + 14*b. What is the greatest common divisor of 174 and c?
6
Let s = 992 + -712. Calculate the highest common factor of 350 and s.
70
Let v be -1*((5 - (-2)/(-2)) + -5). What is the greatest common divisor of 19 and v?
1
Suppose 0 = q - h - 272, -6*h + 1088 = 4*q - h. Suppose 2*x + 2*x - 136 = 0. What is the greatest common factor of x and q?
34
Suppose -2*d = -2 - 6. Suppose d*v = 6*v - 32. What is the highest common divisor of v and 2?
2
Let j(a) = -3 - 44*a + 67*a + 2. Let p be j(1). What is the greatest common factor of 33 and p?
11
Let a = -3 + 5. Let w be ((-11)/(-2) - 3)*212/10. Suppose 145 = 9*j - w. Calculate the highest common divisor of a and j.
2
Let c = 1590 - 907. Suppose -c - 693 = -8*y. What is the greatest common factor of 43 and y?
43
Suppose -2*o - 32 = 14. Let s = o - -23. Suppose s*d + 5*d = 605. Calculate the highest common factor of d and 11.
11
Let i be -5 + (18 - (7 + -3) - 5). Calculate the greatest common factor of i and 56.
4
Suppose -5*k = -p - 2, 2*p - 7 = -4*k + 3. Suppose -3*q = 12 + 3, -p*f = -5*q - 73. Calculate the highest common factor of f and 40.
8
Suppose 0*z + 2*z - 52 = 0. Let q be -122*(-3 - (-20)/8). Suppose q + 249 = 5*y - 3*i, 3*i - 15 = 0. Calculate the greatest common factor of y and z.
13
Suppose 0 = -5*u + 3*u - 20. Let q be (76/u)/(7/35). Let z be 10/(-30) - q/6. What is the highest common factor of z and 15?
3
Let q be (-13)/((-234)/7564) + 2/(-9). Calculate the greatest common divisor of q and 12.
12
Suppose 2*b - 40 + 12 = 0. Let y = -1682 - -278. Let a be (-2)/7 - y/b. Calculate the greatest common factor of 20 and a.
20
Suppose -2*h = 3*h - 20. Suppose -l - 19 = -5*s - 89, -h*s - 40 = -4*l. Let q = 19 + s. Calculate the highest common factor of q and 4.
4
Let j be (-11)/(-2)*((-3808)/(-187) + -20). Calculate the highest common divisor of j and 242.
2
Let t = 132 - 68. Suppose -20 = 3*m - 7*m. Suppose -m*y - 4*n = -72, 4*y - 3*n + 2 - 72 = 0. Calculate the greatest common divisor of t and y.
16
Let q(z) = z**3 + 7*z**2 - 3*z + 2. Let m be q(-7). Suppose 0 = 24*a - 25*a + 46. Calculate the greatest common factor of a and m.
23
Let q = 277 - 265. What is the greatest common factor of q and 66?
6
Let v be (-4)/(-26) + (-2672)/(-208). What is the highest common divisor of v and 351?
13
Let p be ((-2)/(-3))/(2/144). Suppose -71*o + 1044 = -13*o. What is the highest common divisor of p and o?
6
Suppose -7*f = -6*f - 1, -4*z - 4*f = -364. Calculate the greatest common factor of 36 a